{"id":273,"date":"2025-01-30T18:25:52","date_gmt":"2025-01-30T18:25:52","guid":{"rendered":"https:\/\/dev.softsoilgroup.com.br\/?page_id=273"},"modified":"2025-04-01T13:21:58","modified_gmt":"2025-04-01T13:21:58","slug":"encontro-de-pontes-e-rodovias","status":"publish","type":"page","link":"https:\/\/softsoilgroup.com.br\/index.php\/encontro-de-pontes-e-rodovias\/","title":{"rendered":"Encontro de Pontes e Rodovias"},"content":{"rendered":"\t\t<div data-elementor-type=\"wp-page\" data-elementor-id=\"273\" class=\"elementor elementor-273\" data-elementor-post-type=\"page\">\n\t\t\t\t<div class=\"elementor-element elementor-element-605dcb74 e-flex e-con-boxed e-con e-parent\" data-id=\"605dcb74\" data-element_type=\"container\" data-settings=\"{&quot;background_background&quot;:&quot;classic&quot;}\">\n\t\t\t\t\t<div class=\"e-con-inner\">\n\t\t\t\t<div class=\"elementor-element elementor-element-39f01033 elementor-widget elementor-widget-heading\" data-id=\"39f01033\" data-element_type=\"widget\" data-widget_type=\"heading.default\">\n\t\t\t\t<div class=\"elementor-widget-container\">\n\t\t\t\t\t<h2 class=\"elementor-heading-title elementor-size-default\">Encontro de Pontes e Rodovias<\/h2>\t\t\t\t<\/div>\n\t\t\t\t<\/div>\n\t\t\t\t\t<\/div>\n\t\t\t\t<\/div>\n\t\t<div class=\"elementor-element elementor-element-6035896 e-flex e-con-boxed e-con e-parent\" data-id=\"6035896\" data-element_type=\"container\">\n\t\t\t\t\t<div class=\"e-con-inner\">\n\t\t<div class=\"elementor-element elementor-element-62626bb1 e-con-full e-flex e-con e-child\" data-id=\"62626bb1\" data-element_type=\"container\">\n\t\t\t\t<div class=\"elementor-element elementor-element-496c6e0c elementor-widget elementor-widget-heading\" data-id=\"496c6e0c\" data-element_type=\"widget\" data-widget_type=\"heading.default\">\n\t\t\t\t<div class=\"elementor-widget-container\">\n\t\t\t\t\t<h2 class=\"elementor-heading-title elementor-size-default\">Encontro de Pontes e Rodovias\n<\/h2>\t\t\t\t<\/div>\n\t\t\t\t<\/div>\n\t\t\t\t<div class=\"elementor-element elementor-element-71e0116c elementor-widget-divider--view-line elementor-widget elementor-widget-divider\" data-id=\"71e0116c\" data-element_type=\"widget\" data-widget_type=\"divider.default\">\n\t\t\t\t<div class=\"elementor-widget-container\">\n\t\t\t\t\t\t\t<div class=\"elementor-divider\">\n\t\t\t<span class=\"elementor-divider-separator\">\n\t\t\t\t\t\t<\/span>\n\t\t<\/div>\n\t\t\t\t\t\t<\/div>\n\t\t\t\t<\/div>\n\t\t\t\t<div class=\"elementor-element elementor-element-6d575563 elementor-widget elementor-widget-text-editor\" data-id=\"6d575563\" data-element_type=\"widget\" data-widget_type=\"text-editor.default\">\n\t\t\t\t<div class=\"elementor-widget-container\">\n\t\t\t\t\t\t\t\t\t<p>Os encontros de pontes e rodovias representam um dos maiores desafios da infraestrutura vi\u00e1ria, exigindo solu\u00e7\u00f5es geot\u00e9cnicas eficientes para minimizar recalques diferenciais, eros\u00f5es e instabilidades no solo. Nesta se\u00e7\u00e3o, abordamos as principais t\u00e9cnicas de conten\u00e7\u00e3o, compacta\u00e7\u00e3o e refor\u00e7o do solo, al\u00e9m de apresentar estudos de casos que ilustram boas pr\u00e1ticas na engenharia geot\u00e9cnica.<\/p><p><strong>Acesse as edi\u00e7\u00f5es dispon\u00edveis e saiba mais sobre o tema!<\/strong><\/p>\t\t\t\t\t\t\t\t<\/div>\n\t\t\t\t<\/div>\n\t\t\t\t<\/div>\n\t\t<div class=\"elementor-element elementor-element-3b787fb e-con-full e-flex e-con e-child\" data-id=\"3b787fb\" data-element_type=\"container\">\n\t\t\t\t<div class=\"elementor-element elementor-element-082e989 elementor-pagination-type-bullets elementor-arrows-position-inside elementor-pagination-position-outside elementor-widget elementor-widget-n-carousel\" data-id=\"082e989\" data-element_type=\"widget\" data-settings=\"{&quot;carousel_items&quot;:[{&quot;slide_title&quot;:&quot;Slide #1&quot;,&quot;_id&quot;:&quot;3c98bb7&quot;},{&quot;slide_title&quot;:&quot;Slide #2&quot;,&quot;_id&quot;:&quot;5dd49de&quot;},{&quot;slide_title&quot;:&quot;Slide #3&quot;,&quot;_id&quot;:&quot;411fe24&quot;},{&quot;slide_title&quot;:&quot;Slide #3&quot;,&quot;_id&quot;:&quot;62103fb&quot;},{&quot;slide_title&quot;:&quot;Slide #3&quot;,&quot;_id&quot;:&quot;432b9ab&quot;}],&quot;autoplay_speed&quot;:3000,&quot;slides_to_scroll&quot;:&quot;1&quot;,&quot;slides_to_show_tablet&quot;:&quot;2&quot;,&quot;slides_to_show_mobile&quot;:&quot;1&quot;,&quot;autoplay&quot;:&quot;yes&quot;,&quot;pause_on_interaction&quot;:&quot;yes&quot;,&quot;infinite&quot;:&quot;yes&quot;,&quot;speed&quot;:500,&quot;offset_sides&quot;:&quot;none&quot;,&quot;arrows&quot;:&quot;yes&quot;,&quot;pagination&quot;:&quot;bullets&quot;,&quot;image_spacing_custom&quot;:{&quot;unit&quot;:&quot;px&quot;,&quot;size&quot;:10,&quot;sizes&quot;:[]},&quot;image_spacing_custom_tablet&quot;:{&quot;unit&quot;:&quot;px&quot;,&quot;size&quot;:&quot;&quot;,&quot;sizes&quot;:[]},&quot;image_spacing_custom_mobile&quot;:{&quot;unit&quot;:&quot;px&quot;,&quot;size&quot;:&quot;&quot;,&quot;sizes&quot;:[]}}\" data-widget_type=\"nested-carousel.default\">\n\t\t\t\t<div class=\"elementor-widget-container\">\n\t\t\t\t\t\t\t<div class=\"e-n-carousel swiper\" role=\"region\" aria-roledescription=\"carousel\" aria-label=\"Carousel\" dir=\"ltr\">\n\t\t\t<div class=\"swiper-wrapper\" aria-live=\"off\">\n\t\t\t\t\t\t\t\t\t\t<div class=\"swiper-slide\" data-slide=\"1\" role=\"group\" aria-roledescription=\"slide\" aria-label=\"1 de 5\">\n\t\t\t\t\t\t\t<div class=\"elementor-element elementor-element-5c360a6 e-flex e-con-boxed e-con e-child\" data-id=\"5c360a6\" data-element_type=\"container\">\n\t\t\t\t\t<div class=\"e-con-inner\">\n\t\t\t\t<div class=\"elementor-element elementor-element-1cb5efb elementor-widget elementor-widget-image\" data-id=\"1cb5efb\" data-element_type=\"widget\" data-widget_type=\"image.default\">\n\t\t\t\t<div class=\"elementor-widget-container\">\n\t\t\t\t\t\t\t\t\t\t\t\t\t\t\t\t<a href=\"https:\/\/softsoilgroup.com.br\/wp-content\/uploads\/2025\/03\/Revista_SSBR_Ed07.pdf\" target=\"_blank\">\n\t\t\t\t\t\t\t<img fetchpriority=\"high\" decoding=\"async\" width=\"768\" height=\"1024\" src=\"https:\/\/softsoilgroup.com.br\/wp-content\/uploads\/2025\/01\/capa_07-768x1024.png\" class=\"elementor-animation-shrink attachment-large size-large wp-image-196\" alt=\"\" srcset=\"https:\/\/softsoilgroup.com.br\/wp-content\/uploads\/2025\/01\/capa_07-768x1023.png 768w, https:\/\/softsoilgroup.com.br\/wp-content\/uploads\/2025\/01\/capa_07-225x300.png 225w, https:\/\/softsoilgroup.com.br\/wp-content\/uploads\/2025\/01\/capa_07-1153x1536.png 1153w, https:\/\/softsoilgroup.com.br\/wp-content\/uploads\/2025\/01\/capa_07-1537x2048.png 1537w\" sizes=\"(max-width: 768px) 100vw, 768px\" \/>\t\t\t\t\t\t\t\t<\/a>\n\t\t\t\t\t\t\t\t\t\t\t\t\t\t\t<\/div>\n\t\t\t\t<\/div>\n\t\t\t\t\t<\/div>\n\t\t\t\t<\/div>\n\t\t\t\t\t\t\t\t<\/div>\n\t\t\t\t\t\t\t\t\t\t\t<div class=\"swiper-slide\" data-slide=\"2\" role=\"group\" aria-roledescription=\"slide\" aria-label=\"2 de 5\">\n\t\t\t\t\t\t\t<div class=\"elementor-element elementor-element-3189a2c e-flex e-con-boxed e-con e-child\" data-id=\"3189a2c\" data-element_type=\"container\">\n\t\t\t\t\t<div class=\"e-con-inner\">\n\t\t\t\t<div class=\"elementor-element elementor-element-dd0c2b8 elementor-widget elementor-widget-image\" data-id=\"dd0c2b8\" data-element_type=\"widget\" data-widget_type=\"image.default\">\n\t\t\t\t<div class=\"elementor-widget-container\">\n\t\t\t\t\t\t\t\t\t\t\t\t\t\t\t\t<a href=\"https:\/\/softsoilgroup.com.br\/wp-content\/uploads\/2025\/03\/Revista_SSBR_Ed09.pdf\" target=\"_blank\">\n\t\t\t\t\t\t\t<img decoding=\"async\" width=\"768\" height=\"1024\" src=\"https:\/\/softsoilgroup.com.br\/wp-content\/uploads\/2025\/01\/capa_09-768x1024.png\" class=\"elementor-animation-shrink attachment-large size-large wp-image-198\" alt=\"\" srcset=\"https:\/\/softsoilgroup.com.br\/wp-content\/uploads\/2025\/01\/capa_09-768x1023.png 768w, https:\/\/softsoilgroup.com.br\/wp-content\/uploads\/2025\/01\/capa_09-225x300.png 225w, https:\/\/softsoilgroup.com.br\/wp-content\/uploads\/2025\/01\/capa_09-1153x1536.png 1153w, https:\/\/softsoilgroup.com.br\/wp-content\/uploads\/2025\/01\/capa_09-1537x2048.png 1537w\" sizes=\"(max-width: 768px) 100vw, 768px\" \/>\t\t\t\t\t\t\t\t<\/a>\n\t\t\t\t\t\t\t\t\t\t\t\t\t\t\t<\/div>\n\t\t\t\t<\/div>\n\t\t\t\t\t<\/div>\n\t\t\t\t<\/div>\n\t\t\t\t\t\t\t\t<\/div>\n\t\t\t\t\t\t\t\t\t\t\t<div class=\"swiper-slide\" data-slide=\"3\" role=\"group\" aria-roledescription=\"slide\" aria-label=\"3 de 5\">\n\t\t\t\t\t\t\t<div class=\"elementor-element elementor-element-b7398bb e-flex e-con-boxed e-con e-child\" data-id=\"b7398bb\" data-element_type=\"container\">\n\t\t\t\t\t<div class=\"e-con-inner\">\n\t\t\t\t<div class=\"elementor-element elementor-element-55a9db8 elementor-widget elementor-widget-image\" data-id=\"55a9db8\" data-element_type=\"widget\" data-widget_type=\"image.default\">\n\t\t\t\t<div class=\"elementor-widget-container\">\n\t\t\t\t\t\t\t\t\t\t\t\t\t\t\t\t<a href=\"https:\/\/softsoilgroup.com.br\/wp-content\/uploads\/2025\/03\/Revista_SSBR_Ed12.pdf\" target=\"_blank\">\n\t\t\t\t\t\t\t<img decoding=\"async\" width=\"756\" height=\"1024\" src=\"https:\/\/softsoilgroup.com.br\/wp-content\/uploads\/2025\/01\/capa_12-756x1024.png\" class=\"elementor-animation-shrink attachment-large size-large wp-image-201\" alt=\"\" srcset=\"https:\/\/softsoilgroup.com.br\/wp-content\/uploads\/2025\/01\/capa_12-756x1024.png 756w, https:\/\/softsoilgroup.com.br\/wp-content\/uploads\/2025\/01\/capa_12-222x300.png 222w, https:\/\/softsoilgroup.com.br\/wp-content\/uploads\/2025\/01\/capa_12-768x1040.png 768w, https:\/\/softsoilgroup.com.br\/wp-content\/uploads\/2025\/01\/capa_12-1135x1536.png 1135w, https:\/\/softsoilgroup.com.br\/wp-content\/uploads\/2025\/01\/capa_12-1513x2048.png 1513w\" sizes=\"(max-width: 756px) 100vw, 756px\" \/>\t\t\t\t\t\t\t\t<\/a>\n\t\t\t\t\t\t\t\t\t\t\t\t\t\t\t<\/div>\n\t\t\t\t<\/div>\n\t\t\t\t\t<\/div>\n\t\t\t\t<\/div>\n\t\t\t\t\t\t\t\t<\/div>\n\t\t\t\t\t\t\t\t\t\t\t<div class=\"swiper-slide\" data-slide=\"4\" role=\"group\" aria-roledescription=\"slide\" aria-label=\"4 de 5\">\n\t\t\t\t\t\t\t<div class=\"elementor-element elementor-element-4c585c2 e-flex e-con-boxed e-con e-child\" data-id=\"4c585c2\" data-element_type=\"container\">\n\t\t\t\t\t<div class=\"e-con-inner\">\n\t\t\t\t<div class=\"elementor-element elementor-element-58b2b85 elementor-widget elementor-widget-image\" data-id=\"58b2b85\" data-element_type=\"widget\" data-widget_type=\"image.default\">\n\t\t\t\t<div class=\"elementor-widget-container\">\n\t\t\t\t\t\t\t\t\t\t\t\t\t\t\t\t<a href=\"https:\/\/softsoilgroup.com.br\/wp-content\/uploads\/2025\/03\/Revista_SSBR_Ed18.pdf\" target=\"_blank\">\n\t\t\t\t\t\t\t<img loading=\"lazy\" decoding=\"async\" width=\"772\" height=\"1024\" src=\"https:\/\/softsoilgroup.com.br\/wp-content\/uploads\/2025\/01\/capa18-final-772x1024.png\" class=\"elementor-animation-shrink attachment-large size-large wp-image-213\" alt=\"\" srcset=\"https:\/\/softsoilgroup.com.br\/wp-content\/uploads\/2025\/01\/capa18-final-772x1024.png 772w, https:\/\/softsoilgroup.com.br\/wp-content\/uploads\/2025\/01\/capa18-final-226x300.png 226w, https:\/\/softsoilgroup.com.br\/wp-content\/uploads\/2025\/01\/capa18-final-768x1019.png 768w, https:\/\/softsoilgroup.com.br\/wp-content\/uploads\/2025\/01\/capa18-final-1158x1536.png 1158w, https:\/\/softsoilgroup.com.br\/wp-content\/uploads\/2025\/01\/capa18-final-1544x2048.png 1544w\" sizes=\"(max-width: 772px) 100vw, 772px\" \/>\t\t\t\t\t\t\t\t<\/a>\n\t\t\t\t\t\t\t\t\t\t\t\t\t\t\t<\/div>\n\t\t\t\t<\/div>\n\t\t\t\t\t<\/div>\n\t\t\t\t<\/div>\n\t\t\t\t\t\t\t\t<\/div>\n\t\t\t\t\t\t\t\t\t\t\t<div class=\"swiper-slide\" data-slide=\"5\" role=\"group\" aria-roledescription=\"slide\" aria-label=\"5 de 5\">\n\t\t\t\t\t\t\t<div class=\"elementor-element elementor-element-e75d2e5 e-flex e-con-boxed e-con e-child\" data-id=\"e75d2e5\" data-element_type=\"container\">\n\t\t\t\t\t<div class=\"e-con-inner\">\n\t\t\t\t<div class=\"elementor-element elementor-element-58c5ee6 elementor-widget elementor-widget-image\" data-id=\"58c5ee6\" data-element_type=\"widget\" data-widget_type=\"image.default\">\n\t\t\t\t<div class=\"elementor-widget-container\">\n\t\t\t\t\t\t\t\t\t\t\t\t\t\t\t\t<a href=\"https:\/\/softsoilgroup.com.br\/wp-content\/uploads\/2025\/03\/Revista_SSBR_Ed38.pdf\" target=\"_blank\">\n\t\t\t\t\t\t\t<img loading=\"lazy\" decoding=\"async\" width=\"768\" height=\"1086\" src=\"https:\/\/softsoilgroup.com.br\/wp-content\/uploads\/2025\/01\/capa-ed-38-768x1086.png\" class=\"elementor-animation-shrink attachment-medium_large size-medium_large wp-image-235\" alt=\"\" srcset=\"https:\/\/softsoilgroup.com.br\/wp-content\/uploads\/2025\/01\/capa-ed-38-768x1086.png 768w, https:\/\/softsoilgroup.com.br\/wp-content\/uploads\/2025\/01\/capa-ed-38-212x300.png 212w, https:\/\/softsoilgroup.com.br\/wp-content\/uploads\/2025\/01\/capa-ed-38-724x1024.png 724w, https:\/\/softsoilgroup.com.br\/wp-content\/uploads\/2025\/01\/capa-ed-38-1086x1536.png 1086w, https:\/\/softsoilgroup.com.br\/wp-content\/uploads\/2025\/01\/capa-ed-38-1448x2048.png 1448w\" sizes=\"(max-width: 768px) 100vw, 768px\" \/>\t\t\t\t\t\t\t\t<\/a>\n\t\t\t\t\t\t\t\t\t\t\t\t\t\t\t<\/div>\n\t\t\t\t<\/div>\n\t\t\t\t\t<\/div>\n\t\t\t\t<\/div>\n\t\t\t\t\t\t\t\t<\/div>\n\t\t\t\t\t\t\t\t<\/div>\n\t\t<\/div>\n\t\t\t\t\t<div class=\"elementor-swiper-button elementor-swiper-button-prev\" role=\"button\" tabindex=\"0\" aria-label=\"Anterior\">\n\t\t\t\t<svg aria-hidden=\"true\" class=\"e-font-icon-svg e-eicon-chevron-left\" viewBox=\"0 0 1000 1000\" xmlns=\"http:\/\/www.w3.org\/2000\/svg\"><path d=\"M646 125C629 125 613 133 604 142L308 442C296 454 292 471 292 487 292 504 296 521 308 533L604 854C617 867 629 875 646 875 663 875 679 871 692 858 704 846 713 829 713 812 713 796 708 779 692 767L438 487 692 225C700 217 708 204 708 187 708 171 704 154 692 142 675 129 663 125 646 125Z\"><\/path><\/svg>\t\t\t<\/div>\n\t\t\t<div class=\"elementor-swiper-button elementor-swiper-button-next\" role=\"button\" tabindex=\"0\" aria-label=\"Pr\u00f3ximo\">\n\t\t\t\t<svg aria-hidden=\"true\" class=\"e-font-icon-svg e-eicon-chevron-right\" viewBox=\"0 0 1000 1000\" xmlns=\"http:\/\/www.w3.org\/2000\/svg\"><path d=\"M696 533C708 521 713 504 713 487 713 471 708 454 696 446L400 146C388 133 375 125 354 125 338 125 325 129 313 142 300 154 292 171 292 187 292 204 296 221 308 233L563 492 304 771C292 783 288 800 288 817 288 833 296 850 308 863 321 871 338 875 354 875 371 875 388 867 400 854L696 533Z\"><\/path><\/svg>\t\t\t<\/div>\n\t\t\t\t\t<div class=\"swiper-pagination\"><\/div>\n\t\t\t\t\t\t<\/div>\n\t\t\t\t<\/div>\n\t\t\t\t<\/div>\n\t\t\t\t\t<\/div>\n\t\t\t\t<\/div>\n\t\t\t\t<\/div>\n\t\t","protected":false},"excerpt":{"rendered":"<p>Encontro de Pontes e Rodovias Encontro de Pontes e Rodovias Os encontros de pontes e rodovias representam um dos maiores desafios da infraestrutura vi\u00e1ria, exigindo solu\u00e7\u00f5es geot\u00e9cnicas eficientes para minimizar recalques diferenciais, eros\u00f5es e instabilidades no solo. Nesta se\u00e7\u00e3o, abordamos as principais t\u00e9cnicas de conten\u00e7\u00e3o, compacta\u00e7\u00e3o e refor\u00e7o do solo, al\u00e9m de apresentar estudos de [&hellip;]<\/p>\n","protected":false},"author":1,"featured_media":0,"parent":0,"menu_order":0,"comment_status":"closed","ping_status":"closed","template":"","meta":{"footnotes":""},"class_list":["post-273","page","type-page","status-publish","hentry"],"jetpack_sharing_enabled":true,"_links":{"self":[{"href":"https:\/\/softsoilgroup.com.br\/index.php\/wp-json\/wp\/v2\/pages\/273","targetHints":{"allow":["GET"]}}],"collection":[{"href":"https:\/\/softsoilgroup.com.br\/index.php\/wp-json\/wp\/v2\/pages"}],"about":[{"href":"https:\/\/softsoilgroup.com.br\/index.php\/wp-json\/wp\/v2\/types\/page"}],"author":[{"embeddable":true,"href":"https:\/\/softsoilgroup.com.br\/index.php\/wp-json\/wp\/v2\/users\/1"}],"replies":[{"embeddable":true,"href":"https:\/\/softsoilgroup.com.br\/index.php\/wp-json\/wp\/v2\/comments?post=273"}],"version-history":[{"count":22,"href":"https:\/\/softsoilgroup.com.br\/index.php\/wp-json\/wp\/v2\/pages\/273\/revisions"}],"predecessor-version":[{"id":1066,"href":"https:\/\/softsoilgroup.com.br\/index.php\/wp-json\/wp\/v2\/pages\/273\/revisions\/1066"}],"wp:attachment":[{"href":"https:\/\/softsoilgroup.com.br\/index.php\/wp-json\/wp\/v2\/media?parent=273"}],"curies":[{"name":"wp","href":"https:\/\/api.w.org\/{rel}","templated":true}]}}