{"id":1536,"date":"2026-03-02T21:01:58","date_gmt":"2026-03-02T21:01:58","guid":{"rendered":"https:\/\/softsoilgroup.com.br\/?page_id=1536"},"modified":"2026-03-04T21:28:15","modified_gmt":"2026-03-04T21:28:15","slug":"escavacao-em-solo-mole-como-evitar-o-processo-deformativo-e-vazamentos-no-sistema-de-contencao","status":"publish","type":"page","link":"https:\/\/softsoilgroup.com.br\/index.php\/escavacao-em-solo-mole-como-evitar-o-processo-deformativo-e-vazamentos-no-sistema-de-contencao\/","title":{"rendered":"46\u00aa Edi\u00e7\u00e3o &#8211; Escava\u00e7\u00e3o em solo mole. Como evitar o processo deformativo e vazamentos no sistema de conten\u00e7\u00e3o."},"content":{"rendered":"\t\t<div data-elementor-type=\"wp-page\" data-elementor-id=\"1536\" class=\"elementor elementor-1536\" data-elementor-post-type=\"page\">\n\t\t\t\t<div class=\"elementor-element elementor-element-5ff54165 e-flex e-con-boxed e-con e-parent\" data-id=\"5ff54165\" data-element_type=\"container\">\n\t\t\t\t\t<div class=\"e-con-inner\">\n\t\t<div class=\"elementor-element elementor-element-1c615261 e-con-full e-flex e-con e-child\" data-id=\"1c615261\" data-element_type=\"container\">\n\t\t\t\t<div class=\"elementor-element elementor-element-2a774978 elementor-widget elementor-widget-heading\" data-id=\"2a774978\" data-element_type=\"widget\" data-widget_type=\"heading.default\">\n\t\t\t\t<div class=\"elementor-widget-container\">\n\t\t\t\t\t<h2 class=\"elementor-heading-title elementor-size-default\">EDI\u00c7\u00c3O 46<\/h2>\t\t\t\t<\/div>\n\t\t\t\t<\/div>\n\t\t\t\t<div class=\"elementor-element elementor-element-73ac3998 elementor-widget elementor-widget-heading\" data-id=\"73ac3998\" data-element_type=\"widget\" data-widget_type=\"heading.default\">\n\t\t\t\t<div class=\"elementor-widget-container\">\n\t\t\t\t\t<h2 class=\"elementor-heading-title elementor-size-default\">Escava\u00e7\u00e3o em solo mole. <br>\nComo evitar o processo deformativo e vazamentos no sistema de conten\u00e7\u00e3o.<\/h2>\t\t\t\t<\/div>\n\t\t\t\t<\/div>\n\t\t\t\t<\/div>\n\t\t\t\t<div class=\"elementor-element elementor-element-4d72f5ad elementor-widget elementor-widget-image\" data-id=\"4d72f5ad\" data-element_type=\"widget\" data-widget_type=\"image.default\">\n\t\t\t\t<div class=\"elementor-widget-container\">\n\t\t\t\t\t\t\t\t\t\t\t\t\t\t\t<img decoding=\"async\" src=\"https:\/\/softsoilgroup.com.br\/wp-content\/uploads\/elementor\/thumbs\/capa-ed-46-scaled-rjxlomlxbhyj3gsorsd3yhibhtduwk5jfwqn4tj9og.png\" title=\"capa ed 46\" alt=\"capa ed 46\" loading=\"lazy\" \/>\t\t\t\t\t\t\t\t\t\t\t\t\t\t\t<\/div>\n\t\t\t\t<\/div>\n\t\t<div class=\"elementor-element elementor-element-5814cb63 e-con-full e-flex e-con e-child\" data-id=\"5814cb63\" data-element_type=\"container\">\n\t\t\t\t<div class=\"elementor-element elementor-element-2938dcd7 elementor-align-justify elementor-widget elementor-widget-button\" data-id=\"2938dcd7\" data-element_type=\"widget\" data-widget_type=\"button.default\">\n\t\t\t\t<div class=\"elementor-widget-container\">\n\t\t\t\t\t\t\t\t\t<div class=\"elementor-button-wrapper\">\n\t\t\t\t\t<a class=\"elementor-button elementor-button-link elementor-size-sm\" href=\"https:\/\/softsoilgroup.com.br\/wp-content\/uploads\/2026\/03\/ed-46.pdf\" target=\"_blank\">\n\t\t\t\t\t\t<span class=\"elementor-button-content-wrapper\">\n\t\t\t\t\t\t\t\t\t<span class=\"elementor-button-text\">Visualizar <\/span>\n\t\t\t\t\t<\/span>\n\t\t\t\t\t<\/a>\n\t\t\t\t<\/div>\n\t\t\t\t\t\t\t\t<\/div>\n\t\t\t\t<\/div>\n\t\t\t\t<div class=\"elementor-element elementor-element-491852f elementor-align-justify elementor-widget elementor-widget-button\" data-id=\"491852f\" data-element_type=\"widget\" data-widget_type=\"button.default\">\n\t\t\t\t<div class=\"elementor-widget-container\">\n\t\t\t\t\t\t\t\t\t<div class=\"elementor-button-wrapper\">\n\t\t\t\t\t<a class=\"elementor-button elementor-button-link elementor-size-sm\" href=\"https:\/\/softsoilgroup.com.br\/wp-content\/uploads\/2026\/03\/ed-46.pdf\" download=\"\">\n\t\t\t\t\t\t<span class=\"elementor-button-content-wrapper\">\n\t\t\t\t\t\t<span class=\"elementor-button-icon\">\n\t\t\t\t<svg aria-hidden=\"true\" class=\"e-font-icon-svg e-fas-arrow-circle-down\" viewBox=\"0 0 512 512\" xmlns=\"http:\/\/www.w3.org\/2000\/svg\"><path d=\"M504 256c0 137-111 248-248 248S8 393 8 256 119 8 256 8s248 111 248 248zm-143.6-28.9L288 302.6V120c0-13.3-10.7-24-24-24h-16c-13.3 0-24 10.7-24 24v182.6l-72.4-75.5c-9.3-9.7-24.8-9.9-34.3-.4l-10.9 11c-9.4 9.4-9.4 24.6 0 33.9L239 404.3c9.4 9.4 24.6 9.4 33.9 0l132.7-132.7c9.4-9.4 9.4-24.6 0-33.9l-10.9-11c-9.5-9.5-25-9.3-34.3.4z\"><\/path><\/svg>\t\t\t<\/span>\n\t\t\t\t\t\t\t\t\t<span class=\"elementor-button-text\">Donwload <\/span>\n\t\t\t\t\t<\/span>\n\t\t\t\t\t<\/a>\n\t\t\t\t<\/div>\n\t\t\t\t\t\t\t\t<\/div>\n\t\t\t\t<\/div>\n\t\t\t\t<\/div>\n\t\t\t\t\t<\/div>\n\t\t\t\t<\/div>\n\t\t\t\t<\/div>\n\t\t","protected":false},"excerpt":{"rendered":"<p>EDI\u00c7\u00c3O 46 Escava\u00e7\u00e3o em solo mole. Como evitar o processo deformativo e vazamentos no sistema de conten\u00e7\u00e3o. Visualizar Donwload<\/p>\n","protected":false},"author":1,"featured_media":0,"parent":0,"menu_order":0,"comment_status":"closed","ping_status":"closed","template":"","meta":{"footnotes":""},"class_list":["post-1536","page","type-page","status-publish","hentry"],"jetpack_sharing_enabled":true,"_links":{"self":[{"href":"https:\/\/softsoilgroup.com.br\/index.php\/wp-json\/wp\/v2\/pages\/1536","targetHints":{"allow":["GET"]}}],"collection":[{"href":"https:\/\/softsoilgroup.com.br\/index.php\/wp-json\/wp\/v2\/pages"}],"about":[{"href":"https:\/\/softsoilgroup.com.br\/index.php\/wp-json\/wp\/v2\/types\/page"}],"author":[{"embeddable":true,"href":"https:\/\/softsoilgroup.com.br\/index.php\/wp-json\/wp\/v2\/users\/1"}],"replies":[{"embeddable":true,"href":"https:\/\/softsoilgroup.com.br\/index.php\/wp-json\/wp\/v2\/comments?post=1536"}],"version-history":[{"count":11,"href":"https:\/\/softsoilgroup.com.br\/index.php\/wp-json\/wp\/v2\/pages\/1536\/revisions"}],"predecessor-version":[{"id":1559,"href":"https:\/\/softsoilgroup.com.br\/index.php\/wp-json\/wp\/v2\/pages\/1536\/revisions\/1559"}],"wp:attachment":[{"href":"https:\/\/softsoilgroup.com.br\/index.php\/wp-json\/wp\/v2\/media?parent=1536"}],"curies":[{"name":"wp","href":"https:\/\/api.w.org\/{rel}","templated":true}]}}